e prime factors of v.
47
Let h = -9173 + 52751. What are the prime factors of h?
2, 3, 269
Let b(r) = r**2 + 26*r - 2 + 25*r - 49*r. Let m be b(3). Let y = 165 - m. What are the prime factors of y?
2, 19
Suppose 8 = -4*q, -t + 3*q + 20481 = -5400. What are the prime factors of t?
3, 5, 23
Let u = -2246 - -626. Let v = -857 - u. What are the prime factors of v?
7, 109
Let y = 76575 + -36416. List the prime factors of y.
7, 5737
Let p(g) be the second derivative of 13*g**4/4 - 71*g**3/6 + 5*g**2/2 - g - 7. What are the prime factors of p(-5)?
3, 5, 89
Let r = 24 - 982. Let m = 2150 + r. What are the prime factors of m?
2, 149
Let p(v) = 4*v**2 + 177*v - 727. What are the prime factors of p(-82)?
3, 5, 7, 37
Suppose 59*p - 8476 = 54*p - 4*o, p - 2*o - 1684 = 0. What are the prime factors of p?
2, 3, 47
Let y = 57 - -198. Let a = 297 - y. What are the prime factors of a?
2, 3, 7
Let c(l) = 77*l + 13. Let z(n) = -78*n - 12. Let y(f) = 4*c(f) + 3*z(f). What are the prime factors of y(7)?
2, 3, 89
List the prime factors of ((-2106)/(-24))/(-8 - 28827/(-3600)).
2, 3, 5, 13
Let j = 2125 - 580. Suppose -16*w + 13*w + j = 0. What are the prime factors of w?
5, 103
Let a be (-686)/(-70) - (-1 - 12/(-15)). Suppose -5*f - 1775 = -a*f. What are the prime factors of f?
5, 71
Let n = 3 - 1. Let g be 173 + 4/(-1) + (-6)/n. Suppose 0 = p + 2*p - 2*v - g, -p - 4*v = -74. What are the prime factors of p?
2, 29
Let h(u) = -u**2 + 4*u + 5. Suppose -6*d + 5 = -2*d - 3*p, 2*d - 3*p + 5 = 0. Let b be h(d). List the prime factors of (b - -1) + 72 + (-1 - 2).
2, 5, 7
Suppose -2*j - 2*m = -5972, -5*j + 13806 = 4*m - 1125. List the prime factors of j.
29, 103
Let j(u) = 30*u**3 - 16*u**2 + 7*u + 29. List the prime factors of j(6).
5, 239
Let v = -7 + 205. Let f = 12 + v. What are the prime factors of f?
2, 3, 5, 7
Let n(g) = 2539*g**3 + 2*g**2 - 182*g + 359. What are the prime factors of n(2)?
5, 17, 239
Suppose 68*s = 206*s + 24*s - 357858. List the prime factors of s.
47
Let d be (0 + 0)/(-5) - 10/2. Let t(c) = -4*c**3 + 20*c**2 - 15*c + 4. List the prime factors of t(d).
13, 83
Let z(u) = -u**3 + u**2 - 4*u - 2. Let r be z(5). Let c = 121 + r. List the prime factors of c*(6/(-10) - 1924/10).
193
Suppose -15 = 6*q - 11*q. Suppose -q*v - 2*y + 50 = 0, -3*y - 35 + 11 = -v. Suppose 0 = 3*l + 3*u - v, l = -4*u - 8 + 2. List the prime factors of l.
2, 5
Suppose 0 = -i - t + 3199, -13*i + 15*i - 5*t - 6419 = 0. Suppose -16*l + i + 11966 = 0. What are the prime factors of l?
2, 3, 79
Suppose 27385 = 14*b - 41861 - 54654. What are the prime factors of b?
2, 3, 5, 59
Let k be 3/(45/50)*6/4. Suppose -5*j = 4*a - j + 76, -10 = 2*a - k*j. Let c = a + 119. What are the prime factors of c?
2, 13
Suppose -2*u - 82265 = -386*g + 381*g, -2*u = -4*g + 65812. List the prime factors of g.
16453
Let t = 92 + -85. Suppose t*r - 3723 = -321. What are the prime factors of r?
2, 3
Let n = 674 + 365. Let a be 0 - (-5 + 5) - 13*-1. Suppose a*p - n = 1639. List the prime factors of p.
2, 103
Let k(t) be the first derivative of -11*t**2 + 19*t + 91. What are the prime factors of k(-4)?
107
Let u(k) = 3674*k - 4603. What are the prime factors of u(5)?
3, 13, 353
Let b = 51 + 900. Suppose -3*q + 1726 = r, r = -2*q + b + 201. What are the prime factors of q?
2, 7, 41
Let r be (-7 + 1)*(5/(-15) - 0). Suppose 11*c + r*c = 2275. List the prime factors of c.
5, 7
Let b(u) = u**2 - 12 + 4*u - 19*u - 14 - 7 - 4*u. Let p(r) = -r**2 + 10*r + 7. Let s be p(8). What are the prime factors of b(s)?
59
Suppose 75 = -g - 17*l + 12*l, 3*g - 5*l = -85. Suppose 0*i - 2*i = -28. Let z = i - g. List the prime factors of z.
2, 3
Let d = -9539 + 12708. What are the prime factors of d?
3169
Suppose 4*b + 2 = 2*g, g + 1 = 3*b - 0*g. What are the prime factors of 591 - -19 - (b + -1)?
3, 7, 29
Suppose 18112 = h + p, 54348 = -17*h + 20*h + 5*p. What are the prime factors of h?
2, 11, 823
Let o = 77 + -69. Suppose o*v = 67 - 3. List the prime factors of v/3*(41/4 - -4).
2, 19
Suppose 240*x - 99 = 251*x. Let y(z) = -z**3 - 2*z**2 - 3*z - 47. List the prime factors of y(x).
547
Suppose 4*q = g - 18455, -35248 = -2*g - 2*q + 1672. What are the prime factors of g?
3, 7, 293
Let o(l) = 7*l + 75. Let u be o(-10). Suppose -m - 667 = -5*z + m, -u*m + 261 = 2*z. What are the prime factors of z?
7, 19
Let i(p) be the third derivative of p**5/60 - p**4/24 + 5*p**3/2 + 156*p**2. Suppose 5*h - 3*s + 70 = 0, 3*h = 4*h + 3*s - 4. List the prime factors of i(h).
3, 7
What are the prime factors of (-598 - -3)/(1 - (-24)/(-21))?
5, 7, 17
Let d be 1/(17/3 + -6). What are the prime factors of (1 + d/(-6))*44/6?
11
Let q(x) = -x**3 + 11*x**2 - 4*x + 34. Let d(b) = 6*b**3 - 2*b**2 - 3. Let n be d(2). Suppose -31*c - 60 = -n*c. List the prime factors of q(c).
2, 47
Let h(b) = 9*b - 76. Let n be h(9). Let t(m) = m**3 + 10*m**2 - 13*m + 10. What are the prime factors of t(n)?
2, 5
Suppose 3*p + 32 = 7*p. Let f be -4 - (-4)/(p/2946). Suppose f - 552 = 7*m. List the prime factors of m.
131
Let n = -327 + 338. Suppose -n*z = -47*z + 9036. What are the prime factors of z?
251
Let h be (-58 + -2)*410/(-20). Let p be ((-3)/2)/((-15)/h). What are the prime factors of -1 + p - -1 - 14/(-14)?
2, 31
Let q(v) be the third derivative of -15*v**4/8 + v**3/6 + 10*v**2 + 2*v. List the prime factors of q(-2).
7, 13
Suppose 0 = 5*z + z + 3450. Let h = z - -1185. List the prime factors of -10*(h/(-25) + 4).
2, 3, 17
Let y(p) = -30*p - 26. Let u be y(-1). Suppose -z - 2231 = -4*l, l - u*l = -2*z - 1672. What are the prime factors of l?
2, 3, 31
Let g(a) be the first derivative of 15*a**2 + 39*a - 274. Suppose 14 = 3*o + 4*x, -1 = -x + 2*x. List the prime factors of g(o).
3, 73
Let n = 268 - 185. Let m = n + -288. Let q = -83 - m. What are the prime factors of q?
2, 61
Let m be (-3 - (-6426)/6) + 4. Let q = m + -704. What are the prime factors of q?
2, 23
Let m = 690 - 349. Suppose -b - 2*h + m = -0*h, -5*b - 3*h + 1691 = 0. What are the prime factors of b?
337
Let b(n) = 618*n + 12. Let o be b(-2). Let m = 2177 + o. What are the prime factors of m?
953
What are the prime factors of ((-4)/6 - (-212310)/216)*(6 - -2)?
2, 3929
Suppose -943 = -13*z + 2086. Let n(a) = -2*a**3 - a**2 + 1. Let o be n(-1). Suppose 0*i = -h - 5*i + z, -510 = -o*h + i. List the prime factors of h.
11, 23
Let i(u) = u**3 + 14*u**2 - 9*u + 25. Let l be (-7)/(21/(-12)) + (1 - 16). List the prime factors of i(l).
487
Let w(q) = -21*q + 55. Let s be w(18). Let c = 547 + s. What are the prime factors of c?
2, 7
Let f(a) = -a**3 - 16*a**2 - 6*a + 11. Let x be f(-16). Suppose 7*c + x = -229. List the prime factors of c/32*32*-4.
2, 3
Let z = 8 + -6. Let p = -4 + z. List the prime factors of 4/(12/363) - p.
3, 41
Let m(x) = 114*x**2 - 8*x - 1. Let t(r) = 13*r**2 - 79*r + 9. Let v be t(6). What are the prime factors of m(v)?
7, 11, 13
Let l be (-28)/77*22/(-4). Suppose h + l*x - 2856 = -3*h, -6 = 3*x. List the prime factors of h.
5, 11, 13
Let p be 16/6 + 8/(-12). What are the prime factors of ((-134)/(-4) - 3/3)*p?
5, 13
Suppose 0 = 5*a + 3*z - 9653, 0 = 17*z - 19*z + 12. List the prime factors of a.
41, 47
Let v(k) = -9*k - 4. Let h(c) = -c**2 + 8*c - 2. Suppose 32 = 3*o + 2*o - 4*u, 2*u = 4. Let r be h(o). List the prime factors of v(r).
2, 7
Let p be 1/(-2)*((-7 - 1) + 94). List the prime factors of (p - -45)/((-1)/(1874/(-4))).
937
Let r = 38 + -45. Let t(u) = -u**3 - 4*u**2 + 4*u + 13. What are the prime factors of t(r)?
2, 3, 11
Let q(z) = z**3 - 19*z**2 + 14*z + 78. Let m be q(18). Suppose 0 = -3*p + m*p + 3*b - 4884, 3*b = 0. What are the prime factors of p?
2, 11, 37
Let g(c) be the third derivative of c**6/120 + 7*c**5/30 - c**4/24 - 17*c**3/6 - 11*c**2. Let s be g(-14). What are the prime factors of 82/s*(-6)/4?
41
Suppose -33 = -3*t + 3*y, -2*t - 4*y = 11 - 3. Suppose -3*z = t*z - 4572. List the prime factors of z.
2, 127
Let b be (-3 + 14/8)*-4. Suppose -4*j = -b*a - 29, -3*j + 22 = -0*a - 4*a. Suppose -j*x + 864 = -0*x. What are the prime factors of x?
2, 3
Suppose -16*u - 9 = 23. List the prime factors of -7*(u + (-16)/(-7)) + 633.
631
Suppose 2*d + r - 366 = 0, -3*r = -2*d + 194 + 180. Let s = d - 2. List the prime factors of s.
2, 7, 13
Let i(f) = -f - 2. Let j be i(-14). Suppose j = 